6877. Determine p(602).
15
Let u(v) = 6*v**3 - 13*v**2 + 12*v + 272. Calculate u(-4).
-368
Let p(j) = -81*j + 527. Determine p(13).
-526
Let x(t) = -t**2 + 116*t + 4942. Determine x(145).
737
Let a(j) = -j**2 - 5520*j - 99081. Calculate a(-18).
-45
Let z(l) = 460*l + 48772. What is z(-106)?
12
Let b(p) = -p**3 + 13*p**2 + 2445*p - 29492. Determine b(12).
-8
Let y(i) = 974471*i - 1948937. Calculate y(2).
5
Let q(u) = 3*u**2 + 103*u - 1079. What is q(-42)?
-113
Let g(j) = 11569*j + 2047888. Give g(-177).
175
Let y(p) = 4*p**2 + 1690*p + 27020. Give y(-16).
1004
Let o(i) = -4*i**2 - 176*i + 4043. Calculate o(20).
-1077
Let a(i) = 73*i - 12843. Calculate a(174).
-141
Let q(t) = 4*t**2 + 69*t + 315. Give q(-13).
94
Let l(a) = -86*a**2 + 4857*a + 12793. Calculate l(59).
-10
Let y(b) = 11902*b + 1428335. Calculate y(-120).
95
Let k(x) = -7560*x + 98269. Determine k(13).
-11
Let f(q) = -q**3 + 1018*q**2 + 291483*q - 5. Calculate f(-233).
-5
Let c(n) = -1522*n - 11069. Calculate c(-7).
-415
Let i(u) = -u**3 + 51*u**2 - 553*u - 2098. What is i(-3)?
47
Let r(x) = 20747*x + 2261421. Determine r(-109).
-2
Let o(q) = -1459*q + 252. Calculate o(1).
-1207
Let z(l) = -632*l + 110586. Calculate z(175).
-14
Let n(w) = 2*w**3 - 46*w**2 - 48*w - 39. Determine n(24).
-39
Let y(v) = -4*v**3 + 849*v**2 - 5153*v + 648. Determine y(206).
30
Let o(s) = 10*s**2 - 4404*s + 44011. Give o(10).
971
Let l(b) = -b**2 + 24*b - 15. What is l(-11)?
-400
Let t(p) = -637*p - 15441. Determine t(-24).
-153
Let q(h) = -8*h**2 + 2390*h + 14626. Determine q(-6).
-2
Let i(g) = -g**3 - 300*g**2 + 1705*g - 40120. What is i(-306)?
-34
Let a(y) = -8044*y + 5341176. Calculate a(664).
-40
Let f(w) = -79*w**2 + 934*w + 192. Calculate f(12).
24
Let a(m) = 129*m**2 + 12380*m - 688. What is a(-96)?
-304
Let a(u) = -3*u**3 + 303*u**2 - 318*u + 2305. Calculate a(100).
505
Let f(c) = 2*c**2 - 2214*c - 179818. Calculate f(-76).
-2
Let q(j) = -13*j**3 + 47*j**2 - 20*j + 101. Give q(6).
-1135
Let d(w) = 6*w**3 - 47*w**2 - 4*w - 31. What is d(8)?
1
Let v(j) = j**3 - 132*j**2 + 880*j + 458. Calculate v(125).
1083
Let y(s) = -25*s**3 - 3*s**2 - 5*s - 8. Give y(-4).
1564
Let v(q) = -q**3 - 400*q**2 + 1045*q + 96875. Determine v(-402).
-7
Let t(n) = 36*n + 299. Calculate t(10).
659
Let i(t) = -21*t**2 + 141*t + 1730. What is i(13)?
14
Let t(i) = 19*i**2 - 9747*i - 19587. Give t(515).
-17
Let b(q) = -10570*q + 6341995. Determine b(600).
-5
Let z(l) = 21*l**2 - 134*l + 662. Give z(14).
2902
Let r(s) = -s**3 + 61*s**2 - 166*s - 282. Determine r(58).
182
Let u(a) = -963*a + 13447. What is u(14)?
-35
Let v(r) = r**3 + 5*r**2 + 130*r - 2863. Give v(10).
-63
Let n(s) = -1898*s - 9711. Give n(-5).
-221
Let c(f) = 456472*f + 23280069. Calculate c(-51).
-3
Let n(z) = 103*z + 1073. What is n(-8)?
249
Let q(r) = -r**3 - 8*r**2 + 609*r - 11. Calculate q(-29).
-11
Let c(u) = -377*u + 411. What is c(1)?
34
Let p(m) = 1162*m + 72036. Determine p(-62).
-8
Let o(h) = 17763*h + 213162. Determine o(-12).
6
Let o(d) = 1898*d - 56631. Calculate o(30).
309
Let a(s) = 3*s**3 - 106*s**2 + 907*s - 46. Determine a(14).
108
Let u(z) = z**3 + 1459*z**2 + 12530*z + 1337814. What is u(-1451)?
-8
Let f(z) = z**2 - 11258*z - 56314. Calculate f(-5).
1
Let g(x) = -x**3 + 426*x**2 - 6548*x - 5515. Give g(410).
-595
Let d(f) = 19*f**2 - 436*f + 335. Determine d(20).
-785
Let i(s) = s**3 + 116*s**2 + 1781*s + 1452. Calculate i(-98).
-214
Let r(i) = 6*i**3 - 148*i**2 - 84*i + 856. Give r(25).
6
Let m(i) = -3*i**2 - 132*i + 4198. Give m(-58).
1762
Let z(d) = -d**3 + 21*d**2 + 661*d - 12742. Determine z(20).
878
Let q(h) = -52151*h + 1095147. What is q(21)?
-24
Let k(f) = -2*f**2 - 2351*f + 7096. Give k(3).
25
Let k(m) = -m**3 + 26*m**2 + 4481*m - 83248. Determine k(18).
2
Let z(a) = a**3 + 2039*a + 12203. Give z(-6).
-247
Let c(k) = k**3 + 133*k**2 + 4042*k - 2. What is c(-86)?
-2
Let a(f) = f**3 + 29*f**2 - 131*f + 67. Determine a(-33).
34
Let f(u) = 3815*u + 732434. Give f(-192).
-46
Let b(r) = -175*r + 46542. Give b(266).
-8
Let m(v) = 4249*v - 3676. Calculate m(1).
573
Let z(t) = t**3 + 180*t**2 - 928*t + 768. Give z(4).
0
Let x(z) = 127*z**2 + 831*z - 4166. Give x(5).
3164
Let z(t) = 17899*t - 161001. Give z(9).
90
Let s(a) = -5*a**3 - 25*a**2 + 22*a + 131. Calculate s(-5).
21
Let k(y) = -91*y**3 + 164*y**2 - 178*y + 15. Give k(1).
-90
Let j(r) = -315630*r + 1262454. Give j(4).
-66
Let n(s) = -3*s**2 + 420*s + 3942. What is n(-9)?
-81
Let a(c) = 70*c**3 + 13*c**2 + 6*c + 25. What is a(3)?
2050
Let a(k) = -38881*k - 38851. Calculate a(-1).
30
Let v(r) = -260066*r + 1560415. Determine v(6).
19
Let k(t) = 345561*t - 1382238. Calculate k(4).
6
Let l(j) = j**2 - 116*j - 10990. Determine l(164).
-3118
Let b(l) = 1774*l + 509139. What is b(-287)?
1
Let n(s) = 1084*s + 24915. Calculate n(-23).
-17
Let v(a) = -318*a**2 - 3159*a - 138. What is v(-10)?
-348
Let r(x) = -111*x**3 + 1713*x**2 - 501*x - 3281. What is r(15)?
4
Let o(g) = g**3 + 18*g**2 - 123*g - 85. Determine o(-23).
99
Let h(y) = -6*y**2 - 308*y - 1454. Determine h(-5).
-64
Let y(r) = -1991*r - 13814. What is y(-7)?
123
Let s(a) = 13*a**2 - 706*a - 148158. What is s(-83)?
-3
Let m(j) = -7841*j + 1599531. Determine m(204).
-33
Let u(y) = 13*y**2 + 2227*y - 6087. Determine u(-174).
3
Let c(r) = -100*r**2 - 385*r + 25. Determine c(-5).
-550
Let x(o) = o**2 - 440*o - 204617. What is x(-283)?
-8
Let c(k) = 17614*k - 6006369. Determine c(341).
5
Let s(q) = -2018*q - 508512. Calculate s(-252).
24
Let d(l) = -17*l**2 + 601*l + 4218. Give d(-6).
0
Let u(s) = 4*s + 541. Determine u(-164).
-115
Let a(s) = -29*s**2 + 1493*s + 768. Calculate a(52).
-12
Let t(v) = 4*v**2 - 784*v + 3121. Give t(192).
49
Let d(t) = 125*t**3 + 2*t**2 + 148*t - 153. Give d(1).
122
Let u(d) = 3062*d + 20282. Determine u(-6).
1910
Let q(z) = 72738*z - 436476. What is q(6)?
-48
Let z(o) = 701*o + 1132. What is z(-2)?
-270
Let p(s) = 2573*s + 9486. Calculate p(-6).
-5952
Let l(y) = -74537*y - 74536. Determine l(-1).
1
Let q(l) = 140*l + 27538. What is q(-200)?
-462
Let d(i) = 102*i**2 - 4878*i - 841. Give d(48).
23
Let u(v) = -v**3 - 61*v**2 - 20*v + 839. Calculate u(-4).
7
Let c(h) = 1745*h - 3980. Determine c(4).
3000
Let o(s) = s**3 + 71*s**2 + 1275*s + 12. Give o(-34).
-566
Let s(y) = 2*y**3 - 55*y**2 - 763*y + 20658. Give s(19).
24
Let i(j) = -j**2 - 732*j + 732791. Calculate i(-1297).
-14
Let s(g) = 2040*g - 3645. Calculate s(2).
435
Let w(q) = -405*q - 109873. Calculate w(-271).
-118
Let v(p) = 6*p**2 + 725*p - 103488. Calculate v(-205).
37
Let l(b) = 10*b**2 + 65*b + 75. Give l(12).
2295
Let g(l) = l**3 + 5*l**2 - 78*l - 256. What is g(-3)?
-4
Let h(o) = -2*o**3 - 34*o**2 + 20*o - 18. Give h(-16).
-850
Let d(y) = 476*y + 2879. Give d(-9).
-1405
Let r(k) = k**3 + 33*k**2 - 245*k - 93. Give r(7).
152
Let i(q) = q**3 + 8*q**2 - 43*q - 332. Determine i(6).
-86
Let p(z) = -2*z**2 + 1171*z - 19859. Give p(17).
-530
Let z(s) = -2*s**3 - 17*s**2 + 60*s + 466. Calculate z(-5).
-9
Let s(j) = -j**3 + 141*j**2 - 61*j + 28960. Calculate s(142).
134
Let m(h) = 3558*h - 21501. Calculate m(6).
-153
Let u(m) = -16404*m - 196833. Calculate u(-12).
15
Let t(p) = 1119*p**2 + 3366*p + 20. Give t(-3).
-7
Let a(h) = 28190*h - 141546. Determine a(5).
-596
Let t(r) = r**3 + 27*r**2 - 797*r + 548. Determine t(-45).
-37
Let c(r) = -r**3 + 39*r**2 - 86*r + 452. What is c(37)?
8
Let k(i) = -i**3 - 40*i**2 + 707*i - 2449. Determine k(9).
-55
Let f(w) = 7344*w + 37344. Give f(-5).
624
Let q(s) = 1325*s + 118133. Give q(-89).
208
Let s(b) = -86954*b - 1304259. What is s(-15)?
51
Let u(a) = -195*a + 17467. Determine u(107).
-3398
Let m(f) = -f**3 + f**2 + 54*f + 20. What is m(8)?
4
Let n(d) = 94024*d + 27643055. What is n(-294)?
-1
Let c(i) = 3*i**2 + 918*i - 13960. Calculate c(15).
485
Let v(k) = 7*k**3 + 38*k**2 + 285*k + 1526. Give v(-6).
-328
Let u(f) = 22*f**3 - 1101*f**2 + 24*f + 910. What is u(50)?
-390
Let h(w) = -2*w**2 - 521*w - 2293. Give h(-256).
11
Let t(s) = -21*s**3 - 48*s**2 - 11*s - 13. Calculate t(-2).
-15
Let k(v) = -658*v**2 - 32907*v - 283. Give k(-50).
67
Let p(n) = n**3 + 342*n**2 + 1391*n + 13182. Determine p(-338).
0
Let k(x) = -13298*x + 611691. Give k(46).
-17
Let j(i) = -4749*i - 47223. Calculate j(-10).
267
Let w(t) = t